ctors of f.
7
Suppose -2*r = -0*r + 38. Let p = 37 + r. What are the prime factors of p?
2, 3
Suppose -11 = 3*q - 44. Let a = -1 + q. List the prime factors of a.
2, 5
Suppose -3*f - 3 = -15. Suppose 0 = -f*i + 12 + 4. What are the prime factors of i?
2
List the prime factors of 8/10*(-855)/(-6).
2, 3, 19
Suppose 5*b = 8*b - 495. What are the prime factors of b?
3, 5, 11
Suppose -5*j - 3*t = -j + 67, -3*t = 5*j + 83. Let o = j + -2. Let n = -5 - o. What are the prime factors of n?
13
List the prime factors of 5/((-50)/595)*-2.
7, 17
Suppose -5*h + 2*v - 44 - 1 = 0, 3*h + 27 = -4*v. Let w = h - -13. Suppose m = -5*t + 22 - w, -5*t + 30 = -5*m. List the prime factors of t.
2
Suppose -66*n + 890 = -61*n. What are the prime factors of n?
2, 89
Let s(r) = -r**3 - 5*r**2 - 2*r - 1. Let f be s(-3). Let y be 1*(4/16 - (-39)/(-12)). Let p = y - f. List the prime factors of p.
2, 5
Suppose 0 = -4*a + 4*p + 316, -3*p + 75 = a - 0*p. What are the prime factors of a?
2, 3, 13
Suppose -4*a = 0, -5*b - 4*a = -a - 15. Suppose -d - 3*d + 76 = -4*q, -b*d - 4*q + 64 = 0. List the prime factors of d.
2, 5
List the prime factors of 1122/10 + (72/(-30))/12.
2, 7
Let x = -4 + 10. Let r = x + 0. What are the prime factors of (-74)/(-10) + r/(-15)?
7
Suppose -155 = 3*w - 653. What are the prime factors of w?
2, 83
Let y = -16 - -18. Suppose -a - 2*n = -4 - 7, -y*a + 19 = 3*n. List the prime factors of a.
5
Suppose 4*p - 5*q = 3*p + 30, -2*q = 4. What are the prime factors of p?
2, 5
Let q = 33 + -3. Let d = 64 - q. List the prime factors of d.
2, 17
Suppose 4*x - 7 = -23. Let r be x/14 - (-32)/14. List the prime factors of 5 + -2 + 1 + r.
2, 3
Suppose 3*i - u = -1 + 4, 5*i + 5*u = -15. Suppose -h + 8 = -i*h. List the prime factors of h.
2
Let g(p) = 1 + 5 - 5 + p. List the prime factors of g(7).
2
Suppose -l + 3 = -t, 4*t + 3*l - 14 = 2. Suppose 0 = -2*i + 7 - t. What are the prime factors of i?
3
Let x(d) = d**2 - 7*d - 11. List the prime factors of x(-5).
7
What are the prime factors of -1 + (-12)/(-10) + 1238/10?
2, 31
Suppose 0*t + 36 = 4*p - 3*t, 0 = -4*t. Let y = p + -5. Suppose -y*o + 4*s = -31 - 37, -5*s = o + 13. What are the prime factors of o?
2, 3
Let q = 19 + -1. Suppose 2*p + 11 = 3*f - 4*f, 0 = 5*p + 20. What are the prime factors of q - (-2 - (-3 - f))?
2, 5
Let p be (-30)/(-18)*2*27. Let l = 11 - 5. Suppose l*y - p = y. What are the prime factors of y?
2, 3
Let j = 0 - 0. Let b be ((-20)/(-25))/(2/30). Suppose j = 3*s - b. List the prime factors of s.
2
Let c(u) = 2 - 5 - 3*u + 0 + 4*u. What are the prime factors of c(7)?
2
Let q(x) = -x**2 + 10*x + 9. Let c be q(11). Let m = c - -12. List the prime factors of m.
2, 5
Suppose -2*b + 2*y = -106, -5*b + 0*y + 274 = -2*y. Suppose b = 4*o - 5*x, -o + 0*o = -4*x - 14. List the prime factors of o.
2, 7
Let w = -20 - -25. Suppose -4*r + w = -7. List the prime factors of r.
3
Let k = 64 - 31. Suppose 3 = -5*g + k. What are the prime factors of 4/(16/g)*4?
2, 3
Let r be ((-30)/25)/((-3)/10). Suppose -r*c + 45 = -c. Suppose 0 = b + 3*i - 23, -3*b - c = i - 44. List the prime factors of b.
2
Suppose 0 = -0*a - a + 1. Let c = a - -3. What are the prime factors of c?
2
Let g(p) = -p**2 + 8*p + 4. Let k be g(8). Suppose -4 - 8 = -4*q + s, 0 = 2*q - 3*s - 16. Suppose 0 = q*j - k*j + 26. What are the prime factors of j?
13
Let l be 1 - (-2 + 2*-1). Suppose -l*p + 3*a + 47 = 0, 0 = -4*p - a - 14 + 38. What are the prime factors of p?
7
Let r be (-1 - -15)/(-3 + 1). Let i = 7 + r. Suppose 5*a - 20 - 40 = i. List the prime factors of a.
2, 3
Let k be (20/6)/(12/18). What are the prime factors of 2*((-190)/(-4))/k?
19
Let h(n) = -18*n**3 - n - 1. Let f(s) = -s - 1. Let c be f(0). Let t be h(c). Suppose 3*z - 12 = t. List the prime factors of z.
2, 5
Suppose 2*o - 6*o + 16 = 0. Let g(s) = -s**3 - 5*s**2 - 5*s + 3. Let d(j) = -j**3 - j**2 - j - 1. Let f(v) = -2*d(v) + g(v). List the prime factors of f(o).
3
Let c be 11 + 0 + -2 - 0. What are the prime factors of 19 - (-6)/(c/(-3))?
17
Let p(h) be the third derivative of h**6/120 - h**5/20 + h**4/12 - h**3/6 - 4*h**2. Let b be p(2). What are the prime factors of (7 - 3) + b*1?
3
Let i(q) = 18*q**2 - q - 6. List the prime factors of i(-3).
3, 53
Suppose 3*h - 144 = -h. List the prime factors of h.
2, 3
Let f = -4 - -37. What are the prime factors of f?
3, 11
Let x be ((-12)/8)/((-3)/(-28)). List the prime factors of (-49)/x*(-2)/(-1).
7
Suppose -7*r + 60 = -73. List the prime factors of r.
19
Let j = -7 + 4. Let g = 9 + j. Let a = g - -4. What are the prime factors of a?
2, 5
Let x(y) = y + 11. Let t(r) = -2*r - 22. Let g(n) = 3*t(n) + 7*x(n). Let h be g(-9). What are the prime factors of (3 - 1)/(h/7)?
7
Suppose -6 + 15 = -3*n - 2*z, -4*n - 3*z - 13 = 0. Let d = n - -2. Suppose d = l - 2. List the prime factors of l.
3
Let l = -284 + 539. What are the prime factors of l?
3, 5, 17
Suppose 2587 = 6*r + 67. What are the prime factors of r?
2, 3, 5, 7
Suppose 4*y + 4*w - 988 = 0, -3*y = -0*y - 2*w - 716. List the prime factors of y.
2, 11
Let b(q) = q + 4. Let k = 1 + -3. What are the prime factors of b(k)?
2
Let i be (-2)/6 - 200/(-15). Let y = i + 15. What are the prime factors of y?
2, 7
Let z(l) be the second derivative of l**4/12 - l**3/6 - 2*l. Let r be z(-1). Suppose -39 = -5*i + 3*c, 0 = i - r*i + 5*c + 21. List the prime factors of i.
2, 3
Let t be 0 - (-14 + (-2)/2). Suppose -g + 2*g - t = 0. What are the prime factors of g?
3, 5
Suppose v + 131 = 4*d - 4*v, -4*v + 4 = 0. List the prime factors of d.
2, 17
Suppose 3 = 2*t + 5*j, 2*j = t + 4*t + 65. Let p(w) = -2*w**2 - 2*w + 4. Let q be p(-3). Let b = q - t. List the prime factors of b.
3
Let k be 6/(1 + 3/(-5)). Suppose -2*b = 3*t - k, 0 = -5*t + 3*b - 5*b + 21. List the prime factors of (t - 2)/1*3.
3
Suppose -185 = -2*d - 31. What are the prime factors of d?
7, 11
Suppose 2 = -3*k + 8. Suppose 64 = 4*h + 4*j, -2 = -k*h + 2*j + 50. Let g = h + -14. List the prime factors of g.
7
Let u(y) = -y**2 - 3*y + 6. Let z be u(-5). What are the prime factors of z/12 - 74/(-6)?
2, 3
Let k be 7*(-1 - 1) - 1. Let v = -24 - k. Let h = 19 + v. What are the prime factors of h?
2, 5
Let u(n) = n**2 - 3*n - 4. Let c be u(3). What are the prime factors of c/(-10)*(-135)/(-3)?
2, 3
Suppose -40 = -4*b - 5*z, -4*b + 4*z + 13 = -27. Let o = b - 7. Suppose 5*v = 2*x + 31, -3*v = o*x + 2*x. List the prime factors of v.
5
Let u(h) = h**2 + 6*h + 1. Let q be u(-8). Suppose 2*r = q + 5. List the prime factors of r.
11
Let z(p) = -6*p + 1. Let d be z(1). Let y be (-6)/2 + (0 - d). Suppose s = 5*c + 30, -y*s - 4*c - 13 = -3. List the prime factors of s.
5
Let t = 1 + -1. Suppose -5 = -z - t. Suppose -5*j = z, 2*j - 10 = -5*o + o. What are the prime factors of o?
3
Let k(y) = 3*y**3 - 12*y**2 + 13*y + 5. Let g(j) = -4*j**3 + 13*j**2 - 14*j - 6. Let n(h) = 2*g(h) + 3*k(h). List the prime factors of n(9).
3, 7
Suppose 0 = 3*v, 0 = -5*w + 5*v + 183 + 422. What are the prime factors of w?
11
Suppose p - 3 = -0*p. Suppose 5*j = -3*m - m - 15, 4*m = p*j + 9. List the prime factors of 9/(-6)*10/j.
5
Let x(t) = 4*t - 8. List the prime factors of x(4).
2
Let r(v) = 4*v**2 - v + 2. Suppose -4*f = -7 - 13, -2*f = -3*t - 1. List the prime factors of r(t).
5, 7
Let q(t) = -27*t + 43. List the prime factors of q(-7).
2, 29
Suppose -8 = 8*l - 248. List the prime factors of l.
2, 3, 5
Suppose n = -2*f + f + 21, 0 = f + 3. Suppose 4*q - n = 2*q. What are the prime factors of q?
2, 3
Let a = 31 - 6. Suppose 7*t - 15 = 4*t, 2*d - t = a. What are the prime factors of d?
3, 5
What are the prime factors of -4 - (-56 - (-4 - -2))?
2, 5
What are the prime factors of 39/(-12) - -3 - (-618)/8?
7, 11
Let b = -4 - -6. Suppose 4*w + j = 30, b = 2*w + j - 12. Suppose w = 5*l - 2. List the prime factors of l.
2
Let f be (-73)/4 - (-4)/16. Suppose -5*i = 5*w + 136 - 361, 4*w = 5*i + 135. Let u = f + w. List the prime factors of u.
2, 11
Let s be ((-2)/(-3))/((-2)/24). Let j = -4 + 10. Let b = j - s. What are the prime factors of b?
2, 7
Let c(y) = -2*y + 4. What are the prime factors of c(-3)?
2, 5
Let b = 8 + -6. What are the prime factors of 7 + (-2)/2*b?
5
Let f(t) = 46*t**2 + 4*t + 2. List the prime factors of f(-1).
2, 11
Suppose 2*q = -q - 2*g + 16, -3*q - 4*g + 14 =